{"id":168,"date":"2010-12-09T08:39:27","date_gmt":"2010-12-09T08:39:27","guid":{"rendered":"http:\/\/ailab.ijs.si\/ailab\/?page_id=168"},"modified":"2020-05-04T21:30:09","modified_gmt":"2020-05-04T21:30:09","slug":"public-media","status":"publish","type":"page","link":"https:\/\/ailab.ijs.si\/si\/public-media\/","title":{"rendered":"Public media"},"content":{"rendered":"<p>https:\/\/www.youtube.com\/watch?v=yNiJ22EQth4<\/p>\n<ul>\n<li><strong><a href=\"http:\/\/tehnologije.ijs.si\/technology-transfer-conference-2010\/\">3rd International Technology Transfer Conference<\/a><\/strong> was held in Ljubljana and Maribor, Slovenia on the <strong>7. - 8. 10. 2010<\/strong>. The conference was organized by the Jo\u017eef Stefan Institute and TechnoCenter at the University of Maribor in cooperation with the National Institute of Chemistry, National Institute of Biology, University of Nova Gorica (RRA SP) and the University of Ljubljana. The conference targets researchers of public research organizations (PROs) in Europe with the aim of increasing awareness and knowledge about technology transfer processes and their necessity. It is also targeted at enterprises, seeking collaboration with public research organizations. As part of the conference were presented awards for the innovation in the economy and members of the Department of Knowledge Technologies Bla\u017e Fortuna, Marko Grobelnik and dr. Dunja Mladeni\u0107 won the 3<sup>rd<\/sup> praise.<\/li>\n<li><a href=\"http:\/\/www.nytimes.com\/2009\/07\/13\/technology\/internet\/13influence.html?_r=3\">Study Measures the Chatter of the News Cycle<\/a> by Steve Lohr, published in New York Times, July 12, 2009<\/li>\n<li><a href=\"https:\/\/ailab.ijs.si\/ailab\/wp-content\/uploads\/2010\/12\/TheWashingtonPost_2Aug2008.pdf\">Instant-Messagers Really Are About Six Degrees from Kevin Bacon<\/a> \u2013 Big Microsoft Study Supports Small World Theory, by Peter Whoriskey, published in <a href=\"https:\/\/ailab.ijs.si\/ailab\/wp-content\/uploads\/2010\/12\/WashingtonPostPrint2Aug2008.jpg\">Washington Post, August 2, 2008<\/a><\/li>\n<\/ul>\n<p><strong>The major Slovenian daily newspapers:<\/strong><\/p>\n<ul>\n<li><a href=\"https:\/\/ailab.ijs.si\/ailab\/wp-content\/uploads\/2010\/12\/Delo16Jan2010.pdf\">Successful Slovenian researchers - Slovenian technology in New York<\/a> by Sta\u0161 Ivanc, published in Delo, January 16, 2010<\/li>\n<li><a href=\"https:\/\/ailab.ijs.si\/ailab\/wp-content\/uploads\/2010\/12\/Jure_Delo_9January2010.pdf\">Searching for tools to get to the wisdom of the mass<\/a> by Lenart J. Ku\u010di\u0107, published in Delo, Januray 9, 2010<\/li>\n<li><a href=\"https:\/\/ailab.ijs.si\/ailab\/wp-content\/uploads\/2010\/12\/Jure_Vecer_1Aug2009.pdf\">When all the paths lead you to the Siliceous Valley<\/a> by Jasna Sne\u017ei\u010d, published in Ve\u010der, August 1, 2009<\/li>\n<li><a href=\"https:\/\/ailab.ijs.si\/ailab\/wp-content\/uploads\/2010\/12\/Jure_NeDelo17Aug2008.pdf\">All on one planet, all connected \u2013 How small is really the world!<\/a> by J.Z., published in NeDelo, August 17, 2008<\/li>\n<li><a href=\"https:\/\/ailab.ijs.si\/ailab\/wp-content\/uploads\/2010\/12\/TextDataMining_Delo29Mar20071.pdf\">About data mining and common sense computer reasoning<\/a> by Agata Toma\u017ei\u010d, published in Delo, March 29, 2007<\/li>\n<li><a href=\"https:\/\/ailab.ijs.si\/ailab\/wp-content\/uploads\/2010\/12\/SemanticWeb_Delo30Mar2006.pdf\">Knowledge Technologies \u2013 The World Wide Web is changing into the Semantic Web<\/a> by Dr. Mojca Vizjak Pav\u0161i\u010d, published in Delo, March 30, 2006<\/li>\n<li><a href=\"https:\/\/ailab.ijs.si\/ailab\/wp-content\/uploads\/2010\/12\/VoiceTRAN_Delo_26Jan20061.pdf\">Soon like in the Star Tracks?<\/a> by \u0160.S., published in Delo, Januar 26, 2006<\/li>\n<li><a href=\"https:\/\/ailab.ijs.si\/ailab\/wp-content\/uploads\/2010\/12\/Book_Delo6May2004.pdf\">Knowledge technologies \u2013 presentation of the book Data Mining and Decision Support: Integration and Collaboration<\/a> by Dr. Mojca Pav\u0161i\u010d, published in Delo, May 6, 2004<\/li>\n<li><a href=\"https:\/\/ailab.ijs.si\/ailab\/wp-content\/uploads\/2010\/12\/SolEuNet_Delo19Dec2001.pdf\">The evaluation of European R&amp;D projects in Brussels \u2013 Only the best get the founds<\/a> by Prof. Dr. Nada Lavra\u010d, published in Delo, December 19, 2001<\/li>\n<li><a href=\"https:\/\/ailab.ijs.si\/ailab\/wp-content\/uploads\/2010\/12\/SolEuNet_Delo19Dec20011.pdf\">The European R&amp;D project Sol-Eu-Net<\/a> by Dr. Dunja Mladeni\u0107, published in Delo, December 19, 2001<\/li>\n<\/ul>\n<p><strong>The Slovenian political and financial weekly magazines:<\/strong><\/p>\n<ul>\n<li><a href=\"https:\/\/ailab.ijs.si\/ailab\/wp-content\/uploads\/2010\/12\/Jure_GeaSep2009.pdf\">Dr. Jure Leskovec \u2013 in six steps to the acquaintance with the Queen of England<\/a> by Anja Leskovar, published in Gea, September 2009<\/li>\n<li><a href=\"https:\/\/ailab.ijs.si\/ailab\/wp-content\/uploads\/2010\/12\/Finance7July2009.pdf\">Success in recession \u2013 Two Slovenian are shaking the American IT scene<\/a> \u2013 In the July issue of the Manager we are writing about two Slovenian, who are playing an important role in American IT industry by Novica Mihajlovi\u0107, published in Finance, July 7, 2009<\/li>\n<li><a href=\"https:\/\/ailab.ijs.si\/ailab\/wp-content\/uploads\/2010\/12\/Jure_Manager4July20091.pdf\">People &amp; Ideas \u2013 The young man from \u0160entjo\u0161t is among the best in the world in IT industry<\/a> by Bojana Humar, published in Manager, July 4, 2009<\/li>\n<li><a href=\"https:\/\/ailab.ijs.si\/ailab\/wp-content\/uploads\/2010\/12\/VideoLecturesNET_Mladina30Oct2008.pdf\">New Planica \u2013 How Jo\u017eef Stefan Institute paves its way to the science Hollywood<\/a> by Sta\u0161 Zgonik, published in Mladina, No. 44, October 30, 2008<\/li>\n<li><a href=\"https:\/\/ailab.ijs.si\/ailab\/wp-content\/uploads\/2010\/12\/Jure_Mladina29Aug2008.pdf\">Social Networks \u2013 In seven acquaintances around the world<\/a> by Sta\u0161 Zgonik, published in Mladina, No. 35, August 29, 2008<\/li>\n<li><a href=\"https:\/\/ailab.ijs.si\/ailab\/wp-content\/uploads\/2010\/12\/Web30_Finance2July2008.pdf\">Slovenian on Web 3.0<\/a> by Nata\u0161a Kora\u017eija, published in Finance, July 2, 2008<\/li>\n<li><a href=\"https:\/\/ailab.ijs.si\/ailab\/wp-content\/uploads\/2010\/12\/Finance30June2008.pdf\">Artificial Intelligence \u2013 The Slovenian researchers are acknowledged abroad \u2013 It is easier to find foreign contractors in science than domestic one<\/a> by Petra \u0160ubic, published in Finance, June 30, 2008<\/li>\n<\/ul>\n<p><\/p>","protected":false},"excerpt":{"rendered":"<p>https:\/\/www.youtube.com\/watch?v=yNiJ22EQth4 3rd International Technology Transfer Conference was held in Ljubljana and Maribor, Slovenia on the 7. - 8. 10. 2010. The conference was organized by the Jo\u017eef Stefan Institute and TechnoCenter at the University of Maribor in cooperation with the National Institute of Chemistry, National Institute of Biology, University of Nova Gorica (RRA SP) and [&hellip;]<\/p>\n","protected":false},"author":2,"featured_media":0,"parent":0,"menu_order":5,"comment_status":"closed","ping_status":"closed","template":"","meta":{"footnotes":"","_links_to":"","_links_to_target":""},"class_list":["post-168","page","type-page","status-publish","hentry"],"_links":{"self":[{"href":"https:\/\/ailab.ijs.si\/si\/wp-json\/wp\/v2\/pages\/168","targetHints":{"allow":["GET"]}}],"collection":[{"href":"https:\/\/ailab.ijs.si\/si\/wp-json\/wp\/v2\/pages"}],"about":[{"href":"https:\/\/ailab.ijs.si\/si\/wp-json\/wp\/v2\/types\/page"}],"author":[{"embeddable":true,"href":"https:\/\/ailab.ijs.si\/si\/wp-json\/wp\/v2\/users\/2"}],"replies":[{"embeddable":true,"href":"https:\/\/ailab.ijs.si\/si\/wp-json\/wp\/v2\/comments?post=168"}],"version-history":[{"count":4,"href":"https:\/\/ailab.ijs.si\/si\/wp-json\/wp\/v2\/pages\/168\/revisions"}],"predecessor-version":[{"id":4023,"href":"https:\/\/ailab.ijs.si\/si\/wp-json\/wp\/v2\/pages\/168\/revisions\/4023"}],"wp:attachment":[{"href":"https:\/\/ailab.ijs.si\/si\/wp-json\/wp\/v2\/media?parent=168"}],"curies":[{"name":"wp","href":"https:\/\/api.w.org\/{rel}","templated":true}]}}

<p>https://www.youtube.com/watch?v=yNiJ22EQth4</p>
<ul>
<li><strong><a href="http://tehnologije.ijs.si/technology-transfer-conference-2010/">3rd International Technology Transfer Conference</a></strong> was held in Ljubljana and Maribor, Slovenia on the <strong>7. - 8. 10. 2010</strong>. The conference was organized by the Jožef Stefan Institute and TechnoCenter at the University of Maribor in cooperation with the National Institute of Chemistry, National Institute of Biology, University of Nova Gorica (RRA SP) and the University of Ljubljana. The conference targets researchers of public research organizations (PROs) in Europe with the aim of increasing awareness and knowledge about technology transfer processes and their necessity. It is also targeted at enterprises, seeking collaboration with public research organizations. As part of the conference were presented awards for the innovation in the economy and members of the Department of Knowledge Technologies Blaž Fortuna, Marko Grobelnik and dr. Dunja Mladenić won the 3<sup>rd</sup> praise.</li>
<li><a href="http://www.nytimes.com/2009/07/13/technology/internet/13influence.html?_r=3">Study Measures the Chatter of the News Cycle</a> by Steve Lohr, published in New York Times, July 12, 2009</li>
<li><a href="https://ailab.ijs.si/ailab/wp-content/uploads/2010/12/TheWashingtonPost_2Aug2008.pdf">Instant-Messagers Really Are About Six Degrees from Kevin Bacon</a> – Big Microsoft Study Supports Small World Theory, by Peter Whoriskey, published in <a href="https://ailab.ijs.si/ailab/wp-content/uploads/2010/12/WashingtonPostPrint2Aug2008.jpg">Washington Post, August 2, 2008</a></li>
</ul>
<p><strong>The major Slovenian daily newspapers:</strong></p>
<ul>
<li><a href="https://ailab.ijs.si/ailab/wp-content/uploads/2010/12/Delo16Jan2010.pdf">Successful Slovenian researchers - Slovenian technology in New York</a> by Staš Ivanc, published in Delo, January 16, 2010</li>
<li><a href="https://ailab.ijs.si/ailab/wp-content/uploads/2010/12/Jure_Delo_9January2010.pdf">Searching for tools to get to the wisdom of the mass</a> by Lenart J. Kučić, published in Delo, Januray 9, 2010</li>
<li><a href="https://ailab.ijs.si/ailab/wp-content/uploads/2010/12/Jure_Vecer_1Aug2009.pdf">When all the paths lead you to the Siliceous Valley</a> by Jasna Snežič, published in Večer, August 1, 2009</li>
<li><a href="https://ailab.ijs.si/ailab/wp-content/uploads/2010/12/Jure_NeDelo17Aug2008.pdf">All on one planet, all connected – How small is really the world!</a> by J.Z., published in NeDelo, August 17, 2008</li>
<li><a href="https://ailab.ijs.si/ailab/wp-content/uploads/2010/12/TextDataMining_Delo29Mar20071.pdf">About data mining and common sense computer reasoning</a> by Agata Tomažič, published in Delo, March 29, 2007</li>
<li><a href="https://ailab.ijs.si/ailab/wp-content/uploads/2010/12/SemanticWeb_Delo30Mar2006.pdf">Knowledge Technologies – The World Wide Web is changing into the Semantic Web</a> by Dr. Mojca Vizjak Pavšič, published in Delo, March 30, 2006</li>
<li><a href="https://ailab.ijs.si/ailab/wp-content/uploads/2010/12/VoiceTRAN_Delo_26Jan20061.pdf">Soon like in the Star Tracks?</a> by Š.S., published in Delo, Januar 26, 2006</li>
<li><a href="https://ailab.ijs.si/ailab/wp-content/uploads/2010/12/Book_Delo6May2004.pdf">Knowledge technologies – presentation of the book Data Mining and Decision Support: Integration and Collaboration</a> by Dr. Mojca Pavšič, published in Delo, May 6, 2004</li>
<li><a href="https://ailab.ijs.si/ailab/wp-content/uploads/2010/12/SolEuNet_Delo19Dec2001.pdf">The evaluation of European R&amp;D projects in Brussels – Only the best get the founds</a> by Prof. Dr. Nada Lavrač, published in Delo, December 19, 2001</li>
<li><a href="https://ailab.ijs.si/ailab/wp-content/uploads/2010/12/SolEuNet_Delo19Dec20011.pdf">The European R&amp;D project Sol-Eu-Net</a> by Dr. Dunja Mladenić, published in Delo, December 19, 2001</li>
</ul>
<p><strong>The Slovenian political and financial weekly magazines:</strong></p>
<ul>
<li><a href="https://ailab.ijs.si/ailab/wp-content/uploads/2010/12/Jure_GeaSep2009.pdf">Dr. Jure Leskovec – in six steps to the acquaintance with the Queen of England</a> by Anja Leskovar, published in Gea, September 2009</li>
<li><a href="https://ailab.ijs.si/ailab/wp-content/uploads/2010/12/Finance7July2009.pdf">Success in recession – Two Slovenian are shaking the American IT scene</a> – In the July issue of the Manager we are writing about two Slovenian, who are playing an important role in American IT industry by Novica Mihajlović, published in Finance, July 7, 2009</li>
<li><a href="https://ailab.ijs.si/ailab/wp-content/uploads/2010/12/Jure_Manager4July20091.pdf">People &amp; Ideas – The young man from Šentjošt is among the best in the world in IT industry</a> by Bojana Humar, published in Manager, July 4, 2009</li>
<li><a href="https://ailab.ijs.si/ailab/wp-content/uploads/2010/12/VideoLecturesNET_Mladina30Oct2008.pdf">New Planica – How Jožef Stefan Institute paves its way to the science Hollywood</a> by Staš Zgonik, published in Mladina, No. 44, October 30, 2008</li>
<li><a href="https://ailab.ijs.si/ailab/wp-content/uploads/2010/12/Jure_Mladina29Aug2008.pdf">Social Networks – In seven acquaintances around the world</a> by Staš Zgonik, published in Mladina, No. 35, August 29, 2008</li>
<li><a href="https://ailab.ijs.si/ailab/wp-content/uploads/2010/12/Web30_Finance2July2008.pdf">Slovenian on Web 3.0</a> by Nataša Koražija, published in Finance, July 2, 2008</li>
<li><a href="https://ailab.ijs.si/ailab/wp-content/uploads/2010/12/Finance30June2008.pdf">Artificial Intelligence – The Slovenian researchers are acknowledged abroad – It is easier to find foreign contractors in science than domestic one</a> by Petra Šubic, published in Finance, June 30, 2008</li>
</ul>
<p></p>

<p>https://www.youtube.com/watch?v=yNiJ22EQth4 3rd International Technology Transfer Conference was held in Ljubljana and Maribor, Slovenia on the 7. - 8. 10. 2010. The conference was organized by the Jožef Stefan Institute and TechnoCenter at the University of Maribor in cooperation with the National Institute of Chemistry, National Institute of Biology, University of Nova Gorica (RRA SP) and [&hellip;]</p>
