{"id":249,"date":"2011-02-22T11:08:17","date_gmt":"2011-02-22T10:08:17","guid":{"rendered":"http:\/\/ailab.ijs.si\/marko_grobelnik\/"},"modified":"2020-06-25T00:45:33","modified_gmt":"2020-06-24T22:45:33","slug":"selected-journal-papers","status":"publish","type":"page","link":"https:\/\/ailab.ijs.si\/marko_grobelnik\/publications-2\/selected-journal-papers\/","title":{"rendered":"Selected Journal Papers"},"content":{"rendered":"<ul style=\"text-align: justify;\">\n<li style=\"text-align: justify;\">GROBELNIK, Marko, <a href=\"http:\/\/people.virginia.edu\/~cah2k\/\" target=\"_blank\" rel=\"noopener noreferrer\">HOLT, Charles A.<\/a>, PRASNIKAR, Vesna. <strong>Classroom games: strategic interaction on the Internet<\/strong>. Journal of economic perspectives, 1999, vol. 13.<\/li>\n<\/ul>\n<ul style=\"text-align: justify;\">\n<li>\u0160KRJANC, Maja, GROBELNIK, Marko, ZUPANI\u010c, Darko. <strong>Insights offered by data-mining when analyzing media space data<\/strong>. Informatica 2001, vol. 25, no. 3,<\/li>\n<\/ul>\n<ul style=\"text-align: justify;\">\n<li><a href=\"https:\/\/ailab.ijs.si\/dunja_mladenic\/\" target=\"_blank\" rel=\"noopener noreferrer\">MLADENI\u0106, Dunja<\/a>, GROBELNIK, Marko. <strong>Feature selection on hierarchy of web documents<\/strong>. Journal of Decision Support Systems. 2003, vol. 35.<\/li>\n<\/ul>\n<ul style=\"text-align: justify;\">\n<li>GROBELNIK, Marko, <a href=\"https:\/\/ailab.ijs.si\/dunja_mladenic\/\" target=\"_blank\" rel=\"noopener noreferrer\">MLADENI\u0106, Dunja<\/a>. <strong>Visualization of news articles<\/strong>. Informatica, 2004, vol. 28, no. 4.<\/li>\n<\/ul>\n<ul style=\"text-align: justify;\">\n<li>GROBELNIK, Marko, <a href=\"https:\/\/ailab.ijs.si\/dunja_mladenic\/\" target=\"_blank\" rel=\"noopener noreferrer\">MLADENI\u0106, Dunja<\/a>. <strong>Simple classification into large topic ontology of web documents<\/strong>. CIT. Journal of Computing and Information Technology., 2005, vol. 13.<\/li>\n<\/ul>\n<ul style=\"text-align: justify;\">\n<li><a href=\"http:\/\/blazfortuna.com\/\" target=\"_blank\" rel=\"noopener noreferrer\">FORTUNA, Bla\u017e<\/a>, <a href=\"https:\/\/ailab.ijs.si\/dunja_mladenic\/\" target=\"_blank\" rel=\"noopener noreferrer\">MLADENI\u0106, Dunja<\/a>, GROBELNIK, Marko. <strong>Visualization of text document corpus<\/strong>. Informatica, 2005, vol. 29, no. 4.<\/li>\n<\/ul>\n<ul style=\"text-align: justify;\">\n<li>GROBELNIK, Marko, <a href=\"https:\/\/ailab.ijs.si\/dunja_mladenic\/\" target=\"_blank\" rel=\"noopener noreferrer\">MLADENI\u0106, Dunja<\/a>. <strong>Automated knowledge discovery in advanced knowledge management<\/strong>. Journal Knowledge Management, 2005, vol. 9.<\/li>\n<\/ul>\n<ul style=\"text-align: justify;\">\n<li><a href=\"http:\/\/mihagrcar.org\/\" target=\"_blank\" rel=\"noopener noreferrer\">GR\u010cAR, Miha<\/a>, <a href=\"https:\/\/ailab.ijs.si\/dunja_mladenic\/\" target=\"_blank\" rel=\"noopener noreferrer\">MLADENI\u0106, Dunja<\/a>, GROBELNIK, Marko. <strong>User profiling for the web<\/strong>. Computer Science Information Systems, 2006, vol. 3, no. 2.<\/li>\n<\/ul>\n<ul style=\"text-align: justify;\">\n<li><a href=\"http:\/\/www2.warwick.ac.uk\/fac\/sci\/dcs\/people\/sarabjot_anand\/\" target=\"_blank\" rel=\"noopener noreferrer\">ANAND, Sarabjot Singh<\/a>, GROBELNIK, Marko, HERRMANN Frank, <a href=\"http:\/\/myweb.msoe.edu\/~hornick\/\" target=\"_blank\" rel=\"noopener noreferrer\">HORNICK, Mark<\/a>, LINGENFELDER, Christoph, ROONEY, Niall, WETTSCHERECK, Dietrich. <strong>Knowledge Discovery Standards<\/strong>. AI Review Journal 2008.<\/li>\n<\/ul>\n<ul style=\"text-align: justify;\">\n<li style=\"text-align: justify;\">GROBELNIK, Marko, <a href=\"https:\/\/ailab.ijs.si\/dunja_mladenic\/\" target=\"_blank\" rel=\"noopener noreferrer\">MLADENI\u0106, Dunja,<\/a> <a href=\"http:\/\/blazfortuna.com\/\" target=\"_blank\" rel=\"noopener noreferrer\">Fortuna, Bla\u017e<\/a>. <strong>Semantic Technology for Capturing Communication Inside an Organization<\/strong>, IEEE Internet Computing, 2009<\/li>\n<\/ul>\n<h3 style=\"text-align: justify;\">More<\/h3>\n<ul style=\"text-align: justify;\">\n<li><a href=\"https:\/\/ailab.ijs.si\/marko_grobelnik\/selected-book-chapters\/\">Selected Book Chapters<\/a><\/li>\n<li><a href=\"https:\/\/ailab.ijs.si\/marko_grobelnik\/selected-conference-papers\/\">Selected Conference Papers<\/a><\/li>\n<\/ul>\n","protected":false},"excerpt":{"rendered":"<p>GROBELNIK, Marko, HOLT, Charles A., PRASNIKAR, Vesna. Classroom games: strategic interaction on the Internet. Journal of economic perspectives, 1999, vol. 13. \u0160KRJANC, Maja, GROBELNIK, Marko, ZUPANI\u010c, Darko. Insights offered by data-mining when analyzing media space data. Informatica 2001, vol. 25, no. 3, MLADENI\u0106, Dunja, GROBELNIK, Marko. Feature selection on hierarchy of web documents. Journal of &hellip; <a href=\"https:\/\/ailab.ijs.si\/marko_grobelnik\/publications-2\/selected-journal-papers\/\" class=\"more-link\">Continue reading <span class=\"screen-reader-text\">Selected Journal Papers<\/span><\/a><\/p>\n","protected":false},"author":53,"featured_media":0,"parent":510,"menu_order":0,"comment_status":"closed","ping_status":"open","template":"","meta":{"vkexunit_cta_each_option":"","footnotes":""},"class_list":["post-249","page","type-page","status-publish","hentry"],"_links":{"self":[{"href":"https:\/\/ailab.ijs.si\/marko_grobelnik\/wp-json\/wp\/v2\/pages\/249","targetHints":{"allow":["GET"]}}],"collection":[{"href":"https:\/\/ailab.ijs.si\/marko_grobelnik\/wp-json\/wp\/v2\/pages"}],"about":[{"href":"https:\/\/ailab.ijs.si\/marko_grobelnik\/wp-json\/wp\/v2\/types\/page"}],"author":[{"embeddable":true,"href":"https:\/\/ailab.ijs.si\/marko_grobelnik\/wp-json\/wp\/v2\/users\/53"}],"replies":[{"embeddable":true,"href":"https:\/\/ailab.ijs.si\/marko_grobelnik\/wp-json\/wp\/v2\/comments?post=249"}],"version-history":[{"count":15,"href":"https:\/\/ailab.ijs.si\/marko_grobelnik\/wp-json\/wp\/v2\/pages\/249\/revisions"}],"predecessor-version":[{"id":672,"href":"https:\/\/ailab.ijs.si\/marko_grobelnik\/wp-json\/wp\/v2\/pages\/249\/revisions\/672"}],"up":[{"embeddable":true,"href":"https:\/\/ailab.ijs.si\/marko_grobelnik\/wp-json\/wp\/v2\/pages\/510"}],"wp:attachment":[{"href":"https:\/\/ailab.ijs.si\/marko_grobelnik\/wp-json\/wp\/v2\/media?parent=249"}],"curies":[{"name":"wp","href":"https:\/\/api.w.org\/{rel}","templated":true}]}}