{"id":27,"date":"2011-10-03T12:22:40","date_gmt":"2011-10-03T12:22:40","guid":{"rendered":"http:\/\/ailab.ijs.si\/inna_novalija\/?page_id=27"},"modified":"2023-06-01T22:39:23","modified_gmt":"2023-06-01T22:39:23","slug":"publications","status":"publish","type":"page","link":"https:\/\/ailab.ijs.si\/inna_novalija\/publications\/","title":{"rendered":"Publications"},"content":{"rendered":"<p><strong>Selected Publications:<\/strong><\/p>\n<p>Ro\u017eanec, J. M., Trajkova, E., Novalija, I., Zajec, P., Kenda, K., Fortuna, B., Mladeni\u0107, D. Enriching artificial intelligence explanations with knowledge fragments. Future internet. May 2022, vol. 14, iss. 5, [article no.] 134, str. 1-13, ilustr. ISSN 1999-5903. DOI: 10.3390\/fi14050134.<\/p>\n<p>Ro\u017eanec, J. M., Novalija, I., Zajec, P., Kenda, K., Fortuna, B., Mladeni\u0107, D., et al. Human-centric artificial intelligence architecture for industry 5.0 applications. International Journal of Production Research. [in press] 2022, 27 str., i. ISSN 0020-7543. DOI: 10.1080\/00207543.2022.2138611.<\/p>\n<p>Massri B. M., Novalija, I., Mladeni\u0107, D., Brank, J., Gra\u00e7a da Silva, S., Marrouch, N., Murteira, C, H\u00fcrriyeto\u011flu, A., \u0160ircelj, B. Harvesting context and mining emotions related to olfactory cultural heritage. Multimodal technologies and interaction. 2022, vol. 6, iss. 7, 22 str., ilustr. ISSN 2414-4088. DOI: 10.3390\/mti6070057.<\/p>\n<p>Pita Costa, J., Rei, L., Stopar, L., Grobelnik, M., Mladeni\u0107, D., Novalija, I., et al. NewsMeSH : a new classifier designed to annotate health news with MeSH headings. Artificial intelligence in medicine. [Print ed.]. 2021, vol. 114, str. 102053-1-102053-11, graf. prikazi, tabele. ISSN 0933-3657. DOI: 10.1016\/j.artmed.2021.102053.<\/p>\n<p>Zajec, P., Ro\u017eanec, J. M., Trajkova, E., Novalija, I., Kenda, K., Fortuna, B., Mladeni\u0107, D. Help me learn! Architecture and strategies to combine recommendations and active learning in manufacturing. Information. 2021, vol. 12, no. 11, str. 473-1- 473-27. ISSN 2078-2489. DOI: 10.3390\/info12110473.<\/p>\n<p>Big Data and AI Pipeline Framework \u2013 Technology analysis from a Benchmarking perspective Arne J. Berre, Aphrodite Tsalgatidou, Chiara Francalanci, Todor Ivanov, Tomas Pariente Lobo, Ricardo Ruiz Saiz, Inna Novalija, Marko Grobelnik (Book chapter, accepted for publication in TABDV2021)<\/p>\n<p>Dadzie, A.-S., Sibarani, E. M., Novalija, Inna, Scerri, Simon. Structuring visual exploratory analysis of skill demand. Journal of web semantics, ISSN 1570-8268, 2018, vol. 49, str. 51-70, doi: 10.1016\/j.websem.2017.12.004. [COBISS.SI-ID 31109671]<\/p>\n<p>Besher, Massri M., Novalija, Inna, Grobelnik, Marko. Relation Tracker &#8211; tracking the main entities and their relations through time. V: MLADENI\u0106, Dunja (ur.), GROBELNIK, Marko (ur.). Odkrivanje znanja in podatkovna skladi\u0161\u010da &#8211; SiKDD : zbornik 21. mednarodne multikonference Informacijska dru\u017eba &#8211; IS 2018, 8. in 12. oktober 2018, Ljubljana, Slovenia : zvezek C = Data mining and data warehouses &#8211; SiKDD : proceedings of the 21st International Multiconference Information Society &#8211; IS 2018, October 8-12, 2018, [Ljubljana, Slovenia]<\/p>\n<p>Novak, E., Novalija, I. Connecting professional skill demand with supply. V: , str. 31-34. https:\/\/is.ijs.si\/archive\/proceedings\/2017\/files\/Zbornik%20-%20C.pdf. [COBISS.SI-ID 3087056<\/p>\n<p>Novalija,I., Mladeni\u0107, D. &#8220;Applying semantic technology to business news analysis&#8221;, Appl. artif. intell., v 27, no. 6, str. 520-550, 2013.<\/p>\n<p>\u0160tajner, T.,\u00a0 Novalija, I., Mladeni\u0107, D. &#8220;Informal multilingual multi-domain sentiment analysis&#8221;, Informatica (Ljublj.), vol. 37, n 4, str.373-380, 2013.<\/p>\n<p>Novalija, I., Mladeni\u0107, D., Brade\u0161ko, L. &#8220;OntoPlus: text-driven ontology extension using ontology content, structure and co-occurrence information&#8221;, Knowl.-based syst., vol. 24, no. 8, str. 1261-1276, 2011.<\/p>\n<p>Inna Novalija, Dunja Mladeni\u0107, &#8220;Ontology extension towards analysis of business news&#8221;, Informatica (Ljublj.), v 34, no. 4, str. 517-522, 2010.1.08 Objavljeni znanstveni prispevek na konferenci<\/p>\n<p>Inna Novalija, Dunja Mladeni\u0107, &#8220;Content and structure in the aspect of semi-automatic ontology extension&#8221;, V: ITI 2010 : proceedings of the ITI 2010, (ITI &#8230; (Tisak)), 32nd International Conference on Information Technology Interfaces, June 21-24, 2010, Cavcat \/ Dubrovnik, Croatia, Vesna Lu\u017ear &#8211; Stiffler, ur., Iva Jarec, ur., Zoran Beki\u0107, ur., Zagreb, SRCE University Computing Centre, cop. 2010, str. 115-120.<\/p>\n<p>Novalija, I., Mladeni\u0107, D. &#8220;Extending ontologies for annotating business news&#8221;, V: Zbornik 11. mednarodne multikonference Informacijska dru\u017eba &#8211; IS 2008, 13.-17. oktober 2008: zvezek A : volume A, (Informacijska dru\u017eba), Marko Bohanec, ur., et al, Ljubljana, Institut &#8220;Jo\u017eef Stefan&#8221;, 2008, str. 186-189.<\/p>\n","protected":false},"excerpt":{"rendered":"<p>Selected Publications: Ro\u017eanec, J. M., Trajkova, E., Novalija, I., Zajec, P., Kenda, K., Fortuna, B., Mladeni\u0107, D. Enriching artificial intelligence explanations with knowledge fragments. Future internet. May 2022, vol. 14, iss. 5, [article no.] 134, str. 1-13, ilustr. ISSN 1999-5903. DOI: 10.3390\/fi14050134. Ro\u017eanec, J. M., Novalija, I., Zajec, P., Kenda, K., Fortuna, B., Mladeni\u0107, D., [&hellip;]<\/p>\n","protected":false},"author":27,"featured_media":0,"parent":0,"menu_order":0,"comment_status":"closed","ping_status":"open","template":"","meta":{"vkexunit_cta_each_option":"","footnotes":""},"class_list":["post-27","page","type-page","status-publish","hentry"],"_links":{"self":[{"href":"https:\/\/ailab.ijs.si\/inna_novalija\/wp-json\/wp\/v2\/pages\/27","targetHints":{"allow":["GET"]}}],"collection":[{"href":"https:\/\/ailab.ijs.si\/inna_novalija\/wp-json\/wp\/v2\/pages"}],"about":[{"href":"https:\/\/ailab.ijs.si\/inna_novalija\/wp-json\/wp\/v2\/types\/page"}],"author":[{"embeddable":true,"href":"https:\/\/ailab.ijs.si\/inna_novalija\/wp-json\/wp\/v2\/users\/27"}],"replies":[{"embeddable":true,"href":"https:\/\/ailab.ijs.si\/inna_novalija\/wp-json\/wp\/v2\/comments?post=27"}],"version-history":[{"count":9,"href":"https:\/\/ailab.ijs.si\/inna_novalija\/wp-json\/wp\/v2\/pages\/27\/revisions"}],"predecessor-version":[{"id":164,"href":"https:\/\/ailab.ijs.si\/inna_novalija\/wp-json\/wp\/v2\/pages\/27\/revisions\/164"}],"wp:attachment":[{"href":"https:\/\/ailab.ijs.si\/inna_novalija\/wp-json\/wp\/v2\/media?parent=27"}],"curies":[{"name":"wp","href":"https:\/\/api.w.org\/{rel}","templated":true}]}}